{"id":59,"date":"2021-11-28T16:06:19","date_gmt":"2021-11-28T13:06:19","guid":{"rendered":"http:\/\/www.mineraltr.com\/?page_id=59"},"modified":"2022-03-04T12:52:52","modified_gmt":"2022-03-04T09:52:52","slug":"anasayfa","status":"publish","type":"page","link":"http:\/\/www.mineraltr.com\/","title":{"rendered":"Anasayfa"},"content":{"rendered":"<p>[vc_row full_width=&#8221;stretch_row&#8221; equal_height=&#8221;yes&#8221; content_placement=&#8221;middle&#8221; height=&#8221;full&#8221; background_attachment=&#8221;fixed&#8221; overlay_background=&#8221;gradient&#8221; overlay_opacity=&#8221;70&#8243; background_image=&#8221;53&#8243; overlay_gradient_background=&#8221;background: -webkit-gradient(linear, left top, left bottom, color-stop(0%, #6EA6FF), color-stop(52%, #FFFFFF));background: -moz-linear-gradient(top,#6EA6FF 0%,#FFFFFF 52%);background: -webkit-linear-gradient(top,#6EA6FF 0%,#FFFFFF 52%);background: -o-linear-gradient(top,#6EA6FF 0%,#FFFFFF 52%);background: -ms-linear-gradient(top,#6EA6FF 0%,#FFFFFF 52%);background: linear-gradient(top,#6EA6FF 0%,#FFFFFF 52%);&#8221;][vc_column][vc_cta h2=&#8221;Mineral&#8221; h4=&#8221;Teknik Hizmetler&#8221; style=&#8221;custom&#8221; custom_text=&#8221;#ffffff&#8221; custom_background=&#8221;#272f6a&#8221; css=&#8221;.vc_custom_1638197754039{background-color: #2d7bbf !important;}&#8221;]<span style=\"color: #ffffff;\">Mineral Teknik Hizmetler, kuruldu\u011fu g\u00fcnden bug\u00fcne kadar teknik i\u015fletme hizmetlerinde uluslararas\u0131 ve yerli bir\u00e7ok kurumsal firman\u0131n \u00e7\u00f6z\u00fcm orta\u011f\u0131 olarak faaliyetlerini y\u00fcr\u00fctmektedir. Mineral Teknik Hizmetler, teknik i\u015fletme personeli ve farkl\u0131 disiplinlerdeki m\u00fchendisleri ile 7\/24 teknik hizmet vermektedir. Standartlar\u0131m\u0131z\u0131 geli\u015ftirmemiz ve bunu s\u00fcrekli k\u0131labilmemiz i\u00e7in politikalar\u0131m\u0131z ile hizmet kalitemizi g\u00fc\u00e7lendiriyoruz.<\/span>[\/vc_cta][tm_spacer size=&#8221;lg:50&#8243;][tm_slider image_size=&#8221;custom&#8221; equal_height=&#8221;1&#8243; h_center=&#8221;1&#8243; gutter=&#8221;30&#8243; auto_play=&#8221;2000&#8243; items_display=&#8221;xs:1;sm:2;md:3;lg:3&#8243; items=&#8221;%5B%7B%22image%22%3A%22195%22%2C%22title%22%3A%22Oteller%22%2C%22link%22%3A%22Link%22%7D%2C%7B%22image%22%3A%22124%22%2C%22title%22%3A%22End%C3%BCstriyel%20Tesisler%22%2C%22link%22%3A%22Link%22%7D%2C%7B%22image%22%3A%22198%22%2C%22title%22%3A%22Al%C4%B1%C5%9Fveri%C5%9F%20Merkezleri%22%2C%22link%22%3A%22Link%22%7D%2C%7B%22image%22%3A%22194%22%2C%22title%22%3A%22Hastaneler%22%2C%22link%22%3A%22Link%22%7D%2C%7B%22image%22%3A%22131%22%2C%22title%22%3A%22Ofisler%20%2F%20Plazalar%22%2C%22link%22%3A%22Link%22%7D%2C%7B%22image%22%3A%22197%22%2C%22title%22%3A%22E%C4%9Fitim%20Kurumlar%C4%B1%22%2C%22link%22%3A%22Link%22%7D%5D&#8221; image_size_width=&#8221;400&#8243; image_size_height=&#8221;400&#8243;][\/vc_column][\/vc_row][vc_row equal_height=&#8221;yes&#8221; content_placement=&#8221;middle&#8221;][vc_column][tm_spacer size=&#8221;lg:50&#8243;][tm_gradation items=&#8221;%5B%7B%22title%22%3A%22Teknik%20Bina%20Y%C3%B6netimi%22%2C%22text%22%3A%22Havaland%C4%B1rma%20ve%20klima%2C%20proses%20so%C4%9Futma%20sistemleri%2C%20yang%C4%B1n%20ihbar%20sistemleri%20vb%20sistemlerin%20ar%C4%B1za%20ve%20bak%C4%B1m%C4%B1n%C4%B1%20yap%C4%B1p%20raporunu%20bilgilerinize%20sunuyoruz.%22%2C%22dot_color%22%3A%22custom%22%2C%22custom_dot_color%22%3A%22%238c8c8c%22%7D%2C%7B%22title%22%3A%22Destek%20Hizmetleri%22%2C%22text%22%3A%22Temizlik%2C%20g%C3%BCvenlik%2C%20peyzaj%20ve%20fazlas%C4%B1%20ile%20tesisinizin%20her%20t%C3%BCrl%C3%BC%20ihtiyac%C4%B1%20g%C3%BCvenli%20ellerde.%22%2C%22dot_color%22%3A%22custom%22%2C%22custom_dot_color%22%3A%22%238c8c8c%22%7D%2C%7B%22title%22%3A%22%C3%96zel%20%C3%87%C3%B6z%C3%BCmler%22%2C%22text%22%3A%22Bilgisayar%20destekli%20bina%20y%C3%B6netimi%2C%20alan%20ve%20ta%C5%9F%C4%B1nma%20y%C3%B6netimi%2C%20proje%20y%C3%B6netimi%20gibi%20konularda%20%C3%B6zel%20%C3%A7%C3%B6z%C3%BCmler%20%C3%BCretiyoruz.%22%2C%22dot_color%22%3A%22custom%22%2C%22custom_dot_color%22%3A%22%238c8c8c%22%7D%5D&#8221;][tm_spacer size=&#8221;lg:50&#8243;][\/vc_column][\/vc_row][vc_row full_width=&#8221;stretch_row_content&#8221; equal_height=&#8221;yes&#8221; background_attachment=&#8221;fixed&#8221; overlay_background=&#8221;custom&#8221; overlay_custom_background=&#8221;#68a3d6&#8243; overlay_opacity=&#8221;95&#8243; background_image=&#8221;70&#8243; lg_spacing=&#8221;padding_top:50&#8243;][vc_column width=&#8221;1\/3&#8243;][tm_image align=&#8221;center&#8221; image=&#8221;178&#8243; rounded=&#8221;10&#8243;][tm_spacer size=&#8221;lg:50&#8243;][\/vc_column][vc_column width=&#8221;1\/3&#8243; content_alignment=&#8221;center&#8221;][tm_image align=&#8221;center&#8221; image=&#8221;177&#8243; rounded=&#8221;10&#8243;][tm_spacer size=&#8221;lg:50&#8243;][\/vc_column][vc_column width=&#8221;1\/3&#8243;][tm_image align=&#8221;center&#8221; image=&#8221;176&#8243; rounded=&#8221;10&#8243;][tm_spacer size=&#8221;lg:50&#8243;][\/vc_column][\/vc_row]<\/p>\n","protected":false},"excerpt":{"rendered":"<p>[vc_row full_width=&#8221;stretch_row&#8221; equal_height=&#8221;yes&#8221; content_placement=&#8221;middle&#8221; height=&#8221;full&#8221; background_attachment=&#8221;fixed&#8221; overlay_background=&#8221;gradient&#8221; overlay_opacity=&#8221;70&#8243; background_image=&#8221;53&#8243; overlay_gradient_background=&#8221;background: -webkit-gradient(linear, left top, left bottom, color-stop(0%, #6EA6FF), color-stop(52%, #FFFFFF));background: -moz-linear-gradient(top,#6EA6FF 0%,#FFFFFF 52%);background: -webkit-linear-gradient(top,#6EA6FF 0%,#FFFFFF 52%);background: -o-linear-gradient(top,#6EA6FF 0%,#FFFFFF 52%);background: -ms-linear-gradient(top,#6EA6FF 0%,#FFFFFF 52%);background: linear-gradient(top,#6EA6FF 0%,#FFFFFF 52%);&#8221;][vc_column][vc_cta h2=&#8221;Mineral&#8221; h4=&#8221;Teknik Hizmetler&#8221; style=&#8221;custom&#8221; custom_text=&#8221;#ffffff&#8221; custom_background=&#8221;#272f6a&#8221; css=&#8221;.vc_custom_1638197754039{background-color: #2d7bbf !important;}&#8221;]Mineral Teknik Hizmetler, kuruldu\u011fu g\u00fcnden bug\u00fcne kadar teknik i\u015fletme hizmetlerinde uluslararas\u0131 ve yerli bir\u00e7ok kurumsal firman\u0131n \u00e7\u00f6z\u00fcm orta\u011f\u0131 olarak faaliyetlerini y\u00fcr\u00fctmektedir. Mineral Teknik Hizmetler, teknik i\u015fletme personeli ve farkl\u0131 disiplinlerdeki m\u00fchendisleri ile 7\/24 teknik hizmet vermektedir. Standartlar\u0131m\u0131z\u0131 geli\u015ftirmemiz ve bunu s\u00fcrekli k\u0131labilmemiz i\u00e7in politikalar\u0131m\u0131z ile hizmet kalitemizi g\u00fc\u00e7lendiriyoruz.[\/vc_cta][tm_spacer size=&#8221;lg:50&#8243;][tm_slider image_size=&#8221;custom&#8221; equal_height=&#8221;1&#8243; h_center=&#8221;1&#8243; gutter=&#8221;30&#8243; auto_play=&#8221;2000&#8243; items_display=&#8221;xs:1;sm:2;md:3;lg:3&#8243; items=&#8221;%5B%7B%22image%22%3A%22195%22%2C%22title%22%3A%22Oteller%22%2C%22link%22%3A%22Link%22%7D%2C%7B%22image%22%3A%22124%22%2C%22title%22%3A%22End%C3%BCstriyel%20Tesisler%22%2C%22link%22%3A%22Link%22%7D%2C%7B%22image%22%3A%22198%22%2C%22title%22%3A%22Al%C4%B1%C5%9Fveri%C5%9F%20Merkezleri%22%2C%22link%22%3A%22Link%22%7D%2C%7B%22image%22%3A%22194%22%2C%22title%22%3A%22Hastaneler%22%2C%22link%22%3A%22Link%22%7D%2C%7B%22image%22%3A%22131%22%2C%22title%22%3A%22Ofisler%20%2F%20Plazalar%22%2C%22link%22%3A%22Link%22%7D%2C%7B%22image%22%3A%22197%22%2C%22title%22%3A%22E%C4%9Fitim%20Kurumlar%C4%B1%22%2C%22link%22%3A%22Link%22%7D%5D&#8221; image_size_width=&#8221;400&#8243; image_size_height=&#8221;400&#8243;][\/vc_column][\/vc_row][vc_row equal_height=&#8221;yes&#8221; content_placement=&#8221;middle&#8221;][vc_column][tm_spacer size=&#8221;lg:50&#8243;][tm_gradation items=&#8221;%5B%7B%22title%22%3A%22Teknik%20Bina%20Y%C3%B6netimi%22%2C%22text%22%3A%22Havaland%C4%B1rma%20ve%20klima%2C%20proses%20so%C4%9Futma%20sistemleri%2C%20yang%C4%B1n%20ihbar%20sistemleri%20vb%20sistemlerin%20ar%C4%B1za%20ve%20bak%C4%B1m%C4%B1n%C4%B1%20yap%C4%B1p%20raporunu%20bilgilerinize%20sunuyoruz.%22%2C%22dot_color%22%3A%22custom%22%2C%22custom_dot_color%22%3A%22%238c8c8c%22%7D%2C%7B%22title%22%3A%22Destek%20Hizmetleri%22%2C%22text%22%3A%22Temizlik%2C%20g%C3%BCvenlik%2C%20peyzaj%20ve%20fazlas%C4%B1%20ile%20tesisinizin%20her%20t%C3%BCrl%C3%BC%20ihtiyac%C4%B1%20g%C3%BCvenli%20ellerde.%22%2C%22dot_color%22%3A%22custom%22%2C%22custom_dot_color%22%3A%22%238c8c8c%22%7D%2C%7B%22title%22%3A%22%C3%96zel%20%C3%87%C3%B6z%C3%BCmler%22%2C%22text%22%3A%22Bilgisayar%20destekli%20bina%20y%C3%B6netimi%2C%20alan%20ve%20ta%C5%9F%C4%B1nma%20y%C3%B6netimi%2C%20proje%20y%C3%B6netimi%20gibi%20konularda%20%C3%B6zel%20%C3%A7%C3%B6z%C3%BCmler%20%C3%BCretiyoruz.%22%2C%22dot_color%22%3A%22custom%22%2C%22custom_dot_color%22%3A%22%238c8c8c%22%7D%5D&#8221;][tm_spacer size=&#8221;lg:50&#8243;][\/vc_column][\/vc_row][vc_row full_width=&#8221;stretch_row_content&#8221; equal_height=&#8221;yes&#8221; background_attachment=&#8221;fixed&#8221; overlay_background=&#8221;custom&#8221; overlay_custom_background=&#8221;#68a3d6&#8243; overlay_opacity=&#8221;95&#8243; background_image=&#8221;70&#8243; lg_spacing=&#8221;padding_top:50&#8243;][vc_column width=&#8221;1\/3&#8243;][tm_image align=&#8221;center&#8221; image=&#8221;178&#8243; rounded=&#8221;10&#8243;][tm_spacer size=&#8221;lg:50&#8243;][\/vc_column][vc_column width=&#8221;1\/3&#8243; content_alignment=&#8221;center&#8221;][tm_image align=&#8221;center&#8221; image=&#8221;177&#8243; rounded=&#8221;10&#8243;][tm_spacer size=&#8221;lg:50&#8243;][\/vc_column][vc_column width=&#8221;1\/3&#8243;][tm_image align=&#8221;center&#8221; image=&#8221;176&#8243; rounded=&#8221;10&#8243;][tm_spacer size=&#8221;lg:50&#8243;][\/vc_column][\/vc_row]<\/p>\n","protected":false},"author":1,"featured_media":0,"parent":0,"menu_order":0,"comment_status":"closed","ping_status":"closed","template":"","meta":[],"_links":{"self":[{"href":"http:\/\/www.mineraltr.com\/index.php\/wp-json\/wp\/v2\/pages\/59"}],"collection":[{"href":"http:\/\/www.mineraltr.com\/index.php\/wp-json\/wp\/v2\/pages"}],"about":[{"href":"http:\/\/www.mineraltr.com\/index.php\/wp-json\/wp\/v2\/types\/page"}],"author":[{"embeddable":true,"href":"http:\/\/www.mineraltr.com\/index.php\/wp-json\/wp\/v2\/users\/1"}],"replies":[{"embeddable":true,"href":"http:\/\/www.mineraltr.com\/index.php\/wp-json\/wp\/v2\/comments?post=59"}],"version-history":[{"count":18,"href":"http:\/\/www.mineraltr.com\/index.php\/wp-json\/wp\/v2\/pages\/59\/revisions"}],"predecessor-version":[{"id":199,"href":"http:\/\/www.mineraltr.com\/index.php\/wp-json\/wp\/v2\/pages\/59\/revisions\/199"}],"wp:attachment":[{"href":"http:\/\/www.mineraltr.com\/index.php\/wp-json\/wp\/v2\/media?parent=59"}],"curies":[{"name":"wp","href":"https:\/\/api.w.org\/{rel}","templated":true}]}}