{"id":42,"date":"2021-11-28T15:39:08","date_gmt":"2021-11-28T12:39:08","guid":{"rendered":"http:\/\/www.mineraltr.com\/?page_id=42"},"modified":"2022-03-04T12:55:13","modified_gmt":"2022-03-04T09:55:13","slug":"iletisim","status":"publish","type":"page","link":"http:\/\/www.mineraltr.com\/index.php\/iletisim\/","title":{"rendered":"\u0130leti\u015fim"},"content":{"rendered":"<p>[vc_row equal_height=&#8221;yes&#8221;][vc_column width=&#8221;1\/4&#8243;][\/vc_column][vc_column width=&#8221;1\/4&#8243;][tm_heading style=&#8221;common&#8221; custom_google_font=&#8221;&#8221; text=&#8221;Bize Ula\u015f\u0131n&#8221;][\/vc_column][vc_column width=&#8221;1\/4&#8243;][vc_column_text]<span style=\"color: #3366ff;\"><a style=\"color: #3366ff;\" href=\"mailto:info@mineraltr.com\">info@mineraltr.com<\/a><\/span><\/p>\n<p>Telefon: +90 (216) 380 36 00<\/p>\n<p>Fax: +90 (216) 380 81 40<\/p>\n<p>Adres: Ali Nihat Tarlan Cad. Kartal Sok. Parlar\/Bolat \u0130\u015f Merk. No:19 Kat:6 \u0130\u00e7erenk\u00f6y, Ata\u015fehir \/ \u0130stanbul[\/vc_column_text][\/vc_column][vc_column width=&#8221;1\/4&#8243;][\/vc_column][\/vc_row][vc_row][vc_column][tm_spacer size=&#8221;lg:50&#8243;][tm_image align=&#8221;center&#8221; image=&#8221;190&#8243; rounded=&#8221;10&#8243; box_shadow=&#8221;0 20px 30px #ccc&#8221;][\/vc_column][\/vc_row]<\/p>\n","protected":false},"excerpt":{"rendered":"<p>[vc_row equal_height=&#8221;yes&#8221;][vc_column width=&#8221;1\/4&#8243;][\/vc_column][vc_column width=&#8221;1\/4&#8243;][tm_heading style=&#8221;common&#8221; custom_google_font=&#8221;&#8221; text=&#8221;Bize Ula\u015f\u0131n&#8221;][\/vc_column][vc_column width=&#8221;1\/4&#8243;][vc_column_text]info@mineraltr.com Telefon: +90 (216) 380 36 00 Fax: +90 (216) 380 81 40 Adres: Ali Nihat Tarlan Cad. Kartal Sok. Parlar\/Bolat \u0130\u015f Merk. No:19 Kat:6 \u0130\u00e7erenk\u00f6y, Ata\u015fehir \/ \u0130stanbul[\/vc_column_text][\/vc_column][vc_column width=&#8221;1\/4&#8243;][\/vc_column][\/vc_row][vc_row][vc_column][tm_spacer size=&#8221;lg:50&#8243;][tm_image align=&#8221;center&#8221; image=&#8221;190&#8243; rounded=&#8221;10&#8243; box_shadow=&#8221;0 20px 30px #ccc&#8221;][\/vc_column][\/vc_row]<\/p>\n","protected":false},"author":1,"featured_media":0,"parent":0,"menu_order":0,"comment_status":"closed","ping_status":"closed","template":"","meta":[],"_links":{"self":[{"href":"http:\/\/www.mineraltr.com\/index.php\/wp-json\/wp\/v2\/pages\/42"}],"collection":[{"href":"http:\/\/www.mineraltr.com\/index.php\/wp-json\/wp\/v2\/pages"}],"about":[{"href":"http:\/\/www.mineraltr.com\/index.php\/wp-json\/wp\/v2\/types\/page"}],"author":[{"embeddable":true,"href":"http:\/\/www.mineraltr.com\/index.php\/wp-json\/wp\/v2\/users\/1"}],"replies":[{"embeddable":true,"href":"http:\/\/www.mineraltr.com\/index.php\/wp-json\/wp\/v2\/comments?post=42"}],"version-history":[{"count":5,"href":"http:\/\/www.mineraltr.com\/index.php\/wp-json\/wp\/v2\/pages\/42\/revisions"}],"predecessor-version":[{"id":200,"href":"http:\/\/www.mineraltr.com\/index.php\/wp-json\/wp\/v2\/pages\/42\/revisions\/200"}],"wp:attachment":[{"href":"http:\/\/www.mineraltr.com\/index.php\/wp-json\/wp\/v2\/media?parent=42"}],"curies":[{"name":"wp","href":"https:\/\/api.w.org\/{rel}","templated":true}]}}